
What is 5e0 (base 16) in base 10?
1504
Convert 248d (base 15) to base 5.
222113
27232 (base 10) to base 7
142252
-111000000111010 (base 2) to base 8
-70072
What is -1014 (base 6) in base 8?
-342
-11044 (base 5) to base 6
-3330
What is -1603 (base 7) in base 4?
-22000
Convert 1599 (base 11) to base 8.
3774
Convert ee7 (base 16) to base 3.
12020022
Convert c6 (base 13) to base 7.
321
What is -1202 (base 6) in base 2?
-100100010
Convert -1111100011000111 (base 2) to base 15.
-13d0c
40 (base 16) to base 5
224
Convert 1443 (base 7) to base 12.
3b6
What is -211311 (base 4) in base 6?
-15113
-12141 (base 6) to base 13
-a78
What is -100030 (base 5) in base 10?
-3140
Convert 1021210202 (base 3) to base 12.
12825
Convert 402032 (base 5) to base 4.
3013133
Convert -7 (base 10) to base 14.
-7
What is 5325 (base 7) in base 9?
2520
Convert 10110001111010 (base 2) to base 14.
4214
34e (base 15) to base 9
1022
Convert 11100001000001 (base 2) to base 8.
34101
-2012111 (base 3) to base 10
-1606
What is 46 (base 11) in base 2?
110010
Convert 6251 (base 10) to base 8.
14153
Convert -24002 (base 6) to base 15.
-1058
Convert -227d (base 14) to base 8.
-13547
-101100111111 (base 2) to base 4
-230333
What is -14321 (base 11) in base 9?
-30822
What is -1623 (base 9) in base 15?
-576
What is -33b (base 13) in base 7?
-1424
-21301 (base 5) to base 4
-112223
What is -52a (base 15) in base 16?
-48d
-10001011 (base 2) to base 4
-2023
What is -9a (base 12) in base 9?
-141
-29323 (base 10) to base 6
-343431
Convert -1532 (base 9) to base 8.
-2213
Convert 3441 (base 5) to base 14.
276
Convert 2106 (base 8) to base 16.
446
-3120 (base 5) to base 4
-12122
What is 7272 (base 11) in base 15?
2cc8
What is -282a (base 15) in base 3?
-102210011
Convert -2a2 (base 12) to base 11.
-343
What is 6565 (base 7) in base 12?
143a
Convert -44852 (base 9) to base 15.
-8ca5
What is -21212 (base 6) in base 5?
-43023
What is 210011 (base 6) in base 11?
11733
2001210 (base 3) to base 4
113202
Convert -6020 (base 8) to base 6.
-22144
-416 (base 13) to base 11
-582
What is -30388 (base 10) in base 15?
-900d
What is 8a5 (base 15) in base 6?
13015
-162 (base 9) to base 16
-89
-ee (base 16) to base 13
-154
Convert 8bd (base 16) to base 10.
2237
Convert 11001001000 (base 2) to base 3.
2012120
What is -1001110011110 (base 2) in base 12?
-2aa6
What is -24312 (base 6) in base 14?
-1432
-152 (base 11) to base 10
-178
Convert 1d2 (base 14) to base 10.
380
Convert -240405 (base 6) to base 13.
-9677
Convert -bbd (base 15) to base 5.
-41103
What is a67 (base 12) in base 10?
1519
What is 331a (base 11) in base 13?
1cb9
Convert 25 (base 8) to base 9.
23
Convert 20030 (base 5) to base 16.
4f1
What is -31455 (base 6) in base 13?
-1c46
What is 9ee (base 16) in base 2?
100111101110
Convert 656 (base 9) to base 6.
2253
36e (base 16) to base 5
12003
Convert -8696 (base 11) to base 12.
-6787
What is 45521 (base 7) in base 13?
5369
30c5 (base 14) to base 2
10000011010101
-181a (base 14) to base 12
-2614
Convert 12323 (base 4) to base 12.
30b
121001 (base 3) to base 16
1b1
503 (base 13) to base 11
701
What is -4466 (base 15) in base 3?
-201212220
685 (base 14) to base 9
1686
What is a321 (base 15) in base 13?
128b6
What is -3208 (base 11) in base 10?
-4243
What is bc81 (base 13) in base 16?
66bc
What is -b704 (base 13) in base 12?
-1280a
28576 (base 10) to base 14
a5b2
Convert -db63 (base 15) to base 2.
-1011010101101011
-101011000 (base 2) to base 8
-530
What is 77 (base 12) in base 15?
61
What is -5150 (base 7) in base 4?
-130013
-1615 (base 8) to base 3
-1020200
What is -2102011 (base 3) in base 12?
-1027
What is 3534 (base 6) in base 9?
1144
-1a7 (base 11) to base 16
-ee
-10443 (base 14) to base 12
-1a877
What is -26c2 (base 13) in base 10?
-5566
What is -100011001011110 (base 2) in base 9?
-26635
2b29 (base 14) to base 13
365b
What is -21003 (base 6) in base 5?
-42221
Convert 1000000 (base 2) to base 11.
59
What is -3443 (base 5) in base 15?
-233
300232 (base 4) to base 14
11ca
-10063 (base 7) to base 12
-14ba
What is 13155 (base 6) in base 2?
11111011111
-84d (base 16) to base 6
-13501
-224 (base 9) to base 13
-112
5506 (base 7) to base 10
1966
-161 (base 12) to base 2
-11011001
What is -111212002 (base 3) in base 2?
-10011101110100
-772 (base 12) to base 14
-582
Convert 6daa (base 14) to base 2.
100101011011010
What is 427 (base 11) in base 12?
369
What is 2230 (base 4) in base 16?
ac
22037 (base 8) to base 3
110200111
Convert -102212 (base 4) to base 9.
-1562
What is 10 (base 7) in base 13?
7
Convert -473 (base 16) to base 9.
-1505
What is 12430 (base 5) in base 6?
4330
898 (base 12) to base 5
20033
6a57 (base 11) to base 9
13626
What is 402 (base 5) in base 12?
86
-213201 (base 5) to base 16
-1c85
What is -3be (base 16) in base 7?
-2536
What is -336 (base 11) in base 9?
-486
Convert 818 (base 10) to base 5.
11233
-5100 (base 8) to base 3
-10121012
What is -2d1 (base 16) in base 4?
-23101
-165556 (base 7) to base 11
-22a55
What is -25 (base 11) in base 14?
-1d
Convert -1421402 (base 5) to base 11.
-20271
What is 12bb2 (base 12) in base 13?
ba41
What is -201632 (base 7) in base 2?
-1000010111100010
11523 (base 7) to base 6
21530
What is 196 (base 11) in base 10?
226
What is -473 (base 14) in base 11?
-735
27042 (base 8) to base 6
130402
What is 68245 (base 10) in base 2?
10000101010010101
Convert -515 (base 11) to base 9.
-760
What is -3101 (base 6) in base 4?
-22231
Convert 3576 (base 9) to base 7.
10521
What is 4d4 (base 14) in base 16?
3ca
22122 (base 3) to base 12
175
-ac9 (base 13) to base 14
-967
What is 767 (base 10) in base 8?
1377
Convert 1020102 (base 3) to base 15.
402
-7539 (base 12) to base 2
-11001000111101
What is 1227 (base 11) in base 3?
2012100
What is 2271 (base 8) in base 14?
625
Convert 11458 (base 10) to base 3.
120201101
Convert -5515 (base 6) to base 9.
-1662
-200003 (base 4) to base 6
-13255
100000000110000 (base 2) to base 15
4d07
What is 3660 (base 12) in base 13?
2a2a
-1354540 (base 6) to base 3
-10221100120
Convert -47600 (base 8) to base 15.
-606c
What is 10656 (base 8) in base 10?
4526
What is -a07b (base 14) in base 6?
-331313
What is 102113 (base 4) in base 6?
5235
2653 (base 15) to base 11
6165
What is 13202003 (base 4) in base 13?
11072
-18304 (base 12) to base 14
-ca7a
What is -1135502 (base 6) in base 3?
-10000201202
Convert -110000101 (base 2) to base 4.
-12011
-11212012 (base 3) to base 14
-1410
Convert -724 (base 14) to base 2.
-10101111100
What is 9737 (base 11) in base 2?
11001001000010
10010111010011 (base 2) to base 3
111021122
What is 3501 (base 6) in base 7?
2263
What is -38109 (base 10) in base 5?
-2204414
What is 210212 (base 3) in base 5?
4330
Convert -2f82 (base 16) to base 2.
-10111110000010
What is -3031312 (base 4) in base 13?
-5cc5
What is 22 (base 15) in base 11?
2a
2011 (base 7) to base 12
49a
Convert 1724 (base 12) to base 13.
1348
What is -3312 (base 8) in base 4?
-123022
Convert 691 (base 10) to base 3.
221121
What is -1221021120 (base 3) in base 7?
-216054
5745 (base 10) to base 11
4353
b039 (base 15) to base 8
110473
What is -331002 (base 4) in base 13?
-1a16
What is -5656 (base 10) in base 11?
-4282
101100110100110 (base 2) to base 16
59a6
Convert -1355 (base 10) to base 12.
-94b
-31023220 (base 4) to base 13
-1b763
What is -ef (base 16) in base 15?
-10e
31002 (base 4) to base 5
11314
Convert -242a (base 11) to base 6.
-22414
What is 10101101001000 (base 2) in base 3?
120012101
734 (base 11) to base 5
12014
What is 5223 (base 11) in base 6?
52014
-12b6 (base 16) to base 7
-16652
Convert -562 (base 16) to base 5.
-21003
What is 202220 (base 3) in base 2?
1000110100
What is 3454 (base 10) in base 12?
1bba
1315 (base 14) to base 16
d17
fbb (base 16) to base 7
14512
66140 (base 7) to base 8
40235
1010212 (base 3) to base 7
2300
What is 2846 (base 10) in base 9?
3812
Convert -33985 (base 11) to base 8.
-137712
cb5 (base 16) to base 7
12325
1202302 (base 4) to base 8
14262
What is 100100001111 (base 2) in base 9?
3156
12012 (base 4) to base 8
606
Convert -11613 (base 8) to base 2.
-1001110001011
10003 (base 4) to base 7
520
Convert 315 (base 9) to base 10.
257
889 (base 11) to base 9
1413
515 (base 14) to base 3
1101000
Convert -d4e (base 16) to base 10